e
Is 30367 a prime number?
True
Is 1760189 prime?
False
Is 589049 composite?
False
Is 33257 a prime number?
False
Is 13613 a prime number?
True
Is 206009 composite?
False
Is 4409 a composite number?
False
Is 6029 a prime number?
True
Is 35831 prime?
True
Is 18187 prime?
False
Is 6349 prime?
False
Is 178753 a prime number?
True
Is 16033 a prime number?
True
Is 3110807 composite?
True
Is 1411 prime?
False
Is 144289 a composite number?
False
Is 1405 a composite number?
True
Is 325199 prime?
False
Is 9073 a composite number?
True
Is 229129 a composite number?
True
Is 22463 a prime number?
False
Is 12605 prime?
False
Is 41047 a composite number?
False
Is 6297 composite?
True
Is 8501 a prime number?
True
Is 174347 a prime number?
True
Is 6289 composite?
True
Is 39099 a prime number?
False
Is 541 a prime number?
True
Is 2747 prime?
False
Is 43391 a composite number?
False
Is 23117 a composite number?
False
Is 177757 a prime number?
False
Is 464033 composite?
False
Is 32881 a composite number?
True
Is 43573 a composite number?
False
Is 7499 a prime number?
True
Is 629 a prime number?
False
Is 13667 a composite number?
True
Is 2399 a composite number?
False
Is 45173 composite?
True
Is 5723 prime?
False
Is 2819 composite?
False
Is 25867 a prime number?
True
Is 31549 composite?
True
Is 7087 prime?
False
Is 49409 a prime number?
True
Is 40501 a composite number?
True
Is 1987 a composite number?
False
Is 150767 prime?
True
Is 618287 prime?
True
Is 23857 a composite number?
False
Is 248137 a composite number?
False
Is 257605 prime?
False
Is 23711 a prime number?
False
Is 681673 prime?
True
Is 521929 composite?
False
Is 26669 composite?
False
Is 303103 composite?
True
Is 2994739 composite?
True
Is 17785 composite?
True
Is 14507 composite?
True
Is 287537 prime?
True
Is 30293 prime?
True
Is 32605 prime?
False
Is 27457 composite?
False
Is 211 a composite number?
False
Is 208457 a composite number?
False
Is 1260911 composite?
False
Is 3419131 prime?
True
Is 5623 prime?
True
Is 4091 prime?
True
Is 12459 composite?
True
Is 515714 composite?
True
Is 125183 prime?
True
Is 74483 prime?
False
Is 255181 prime?
True
Is 43655 a prime number?
False
Is 33191 a composite number?
False
Is 117263 a composite number?
True
Is 57895 a prime number?
False
Is 132499 a composite number?
False
Is 6499 prime?
False
Is 27535 composite?
True
Is 9589 prime?
False
Is 18397 prime?
True
Is 2973 prime?
False
Is 4987 prime?
True
Is 263 prime?
True
Is 20497 prime?
False
Is 556733 a composite number?
True
Is 2629 a composite number?
True
Is 22927 composite?
True
Is 275963 a prime number?
True
Is 513679 a composite number?
False
Is 235453 a prime number?
False
Is 1170437 composite?
False
Is 33097 a composite number?
True
Is 631 a prime number?
True
Is 10391 a prime number?
True
Is 84787 composite?
False
Is 6595859 a composite number?
False
Is 3899 a composite number?
True
Is 128591 prime?
True
Is 138013 composite?
True
Is 4210787 prime?
False
Is 22507 a composite number?
True
Is 762639 composite?
True
Is 26903 a composite number?
False
Is 9491 a prime number?
True
Is 501231 a composite number?
True
Is 42151 a composite number?
True
Is 15391 a prime number?
True
Is 36913 prime?
True
Is 296173 composite?
True
Is 6537 composite?
True
Is 156994 a composite number?
True
Is 38821 composite?
False
Is 222193 a composite number?
False
Is 64849 prime?
True
Is 13397 prime?
True
Is 95311 a prime number?
True
Is 34907 a prime number?
False
Is 64109 composite?
False
Is 6197 composite?
False
Is 7451 composite?
False
Is 3832789 composite?
True
Is 17707 a composite number?
False
Is 208951 a prime number?
False
Is 9413 composite?
False
Is 361069 a composite number?
False
Is 40453 a prime number?
False
Is 386 prime?
False
Is 164953 a prime number?
True
Is 14743 prime?
False
Is 64705 a composite number?
True
Is 16503 a prime number?
False
Is 8999 a prime number?
True
Is 8093 composite?
False
Is 87347 prime?
False
Is 54155 composite?
True
Is 378101 a prime number?
True
Is 35782 composite?
True
Is 131609 prime?
False
Is 11747 a composite number?
True
Is 2406983 a composite number?
False
Is 160851 a composite number?
True
Is 841 composite?
True
Is 709957 composite?
False
Is 9651 prime?
False
Is 279731 a prime number?
True
Is 695131 a prime number?
True
Is 15679 a composite number?
False
Is 6863 prime?
True
Is 1368431 a composite number?
True
Is 1233037 prime?
False
Is 17291 composite?
False
Is 23889 a prime number?
False
Is 40879 a prime number?
True
Is 2809 composite?
True
Is 11143 composite?
True
Is 437137 prime?
True
Is 260747 prime?
True
Is 5779 composite?
False
Is 18589 prime?
False
Is 8354 a prime number?
False
Is 401815 a composite number?
True
Is 62353 prime?
False
Is 42623 composite?
True
Is 55949 a composite number?
False
Is 13765 composite?
True
Is 84787 composite?
False
Is 235373 composite?
True
Is 1542473 a prime number?
True
Is 224083 a prime number?
False
Is 1454 prime?
False
Is 48383 prime?
True
Is 218398 a prime number?
False
Is 259687 a composite number?
True
Is 23527 composite?
True
Is 1601333 composite?
True
Is 20527 prime?
False
Is 47473 a composite number?
True
Is 81311 prime?
False
Is 1918558 a prime number?
False
Is 16621 a prime number?
False
Is 1037401 a prime number?
True
Is 14689 a prime number?
False
Is 701 a composite number?
False
Is 1651 a prime number?
False
Is 86851 prime?
True
Is 22535 prime?
False
Is 345467 prime?
False
Is 5773 a prime number?
False
Is 38543 a prime number?
True
Is 52519 composite?
True
Is 8819 prime?
True
Is 130547 a prime number?
True
Is 3848863 a prime number?
False
Is 1875261 prime?
False
Is 1823 composite?
False
Is 6823 prime?
True
Is 977 prime?
True
Is 31091 composite?
False
Is 80621 prime?
True
Is 9587 composite?
False
Is 294133 a prime number?
False
Is 270447 composite?
True
Is 4391 composite?
False
Is 325627 a composite number?
False
Is 749213 a composite number?
True
Is 56567 a prime number?
False
Is 346991 prime?
False
Is 1302241 a composite number?
True
Is 175061 a composite number?
False
Is 3474859 a prime number?
True
Is 297527 a prime number?
False
Is 40871 a prime number?
False
Is 846199 composite?
True
Is 29647 composite?
True
Is 99821 a prime number?
False
Is 276581 a prime number?
True
Is 94871 prime?
False
Is 12197 composite?
False
Is 2245 prime?
False
Is 512813 prime?
False
Is 21531 composite?
True
Is 27901 composite?
False
Is 92327 prime?
False
Is 109651 prime?
False
Is 110039 a prime number?
True
Is 30869 a composite number?
False
Is 47567 composite?
True
Is 1049 a prime number?
True
Is 235159 prime?
True
Is 133183 a prime number?
True
Is 30287 a prime number?
False
Is 13751 a prime number?
True
Is 259 prime?
False
Is 64594 prime?
False
Is 266587 a composite number?
False
Is 4749 a composite number?
True
Is 1080923 prime?
True
Is 443 prime?
True
Is 57301 composite?
False
Is 3659 a prime number?
True
Is 21839 a prime number?
True
Is 28837 composite?
False
Is 53377 a composite number?
False
Is 2283493 a composite number?
False
Is 2939 a prime number?
True
Is 15047 prime?
False
Is 500777 composite?
False
Is 203251 composite?
True
Is 84395 a prime number?
False
Is 218591 a prime number?
True
Is 11405 a composite number?
True
Is 215429 a composite number?
True
Is 7451 a composite number?
False
Is 98429 a prime number?
True
Is 250157 prime?
False
Is 20573 prime?
False
Is 396751 composite?
True
Is 71039 prime?
True
Is 137177 a prime number?
True
Is 314399 composite?
False
Is 39473 prime?
False
Is 2933 prime?
False
Is 19813 composite?
False
Is 162587 prime?
False
Is 606943 prime?
True
Is 609359 a prime number?
True
Is 1751 composite?
True
Is 57083 prime?
False
Is 186757 a prime number?
True
Is 679529 a prime number?
False
Is 17279 composite?
True
Is 40251 a prime number?
False
Is 1931 a prime number?
True
Is 61003 prime?
False
Is 1678 a prime number?
False
Is 32127 prime?
False
Is 348419 composite?
False
Is 8101 a composite number?
False
Is 13441 a composite number?
False
Is 1309237 a composite number?
False
Is 26471 composite?
True
Is 2605 a composite number?
True
Is 39917 a prime number?
False
Is 31687 a prime number?
True
Is 150929 a composite number?
False
Is 141851 prime?
True
Is 958994 prime?
False
Is 419 a composite number?
False
Is 2787 